1 + 5) - (1 - 4)?
-5
Calculate -1 - (-7 - (-18 - -7)).
-5
Evaluate 76 + -76 - (1 + 4).
-5
What is 4 + -11 - -4 - (0 + -7)?
4
Calculate (8 + 4 - 10) + 1.
3
Evaluate 48 + -45 - (3 - 0).
0
What is 8 + 3 + -11 + (-1 - -3)?
2
What is -1 + 3 + -1 + (4 - 1)?
4
What is -2 + (-1 - 7 - -9)?
-1
(10 - (6 - (0 + 0))) + -8
-4
What is the value of (4 - (10 - 1)) + 24 + -19?
0
What is the value of -6 + 6 + 2 + -5 - -5?
2
What is -5 + 5 + -5 + 0?
-5
Calculate (3 - 3) + 1 + 1.
2
What is the value of 10 + -14 + 10 + -4 + -2?
0
Calculate -30 + 25 + -2 + -1 - -8.
0
Evaluate (-5 - -6 - 6) + (-6 - -4).
-7
1 + (1 - 8) + 5
-1
Calculate 9 - (-6 + (3 - -6)).
6
-3 - (2 - 4 - 4)
3
What is (-14 - -25) + 0 + -5 + 2?
8
-10 + (1 - -4) + 0 + 4
-1
Calculate 5 - 6 - (4 + 1 + 1).
-7
What is the value of 3 + -4 + -6 + 5?
-2
Calculate -14 - (-6 + -2 + 4).
-10
What is the value of 10 - (14 + -5) - (-3 + -1)?
5
Calculate -4 + 4 + 0 + 3.
3
What is -1 + 2 + 2 + (-6 - 1)?
-4
Evaluate -10 - (-12 - 3 - -5).
0
What is the value of 1 - (-1 + -2) - 5?
-1
Evaluate (-30 - -31) + 3 + 0.
4
What is (-7 - -5) + 3 + 4 + 5?
10
What is the value of 8 - (3 - 7 - -3) - 4?
5
Calculate -6 + -2 - ((-14 - -8) + 3).
-5
What is the value of (4 - -6) + -6 - 2?
2
-8 - -7 - (-8 - -2)
5
5 - (0 + -4 + 10)
-1
Calculate (1 - (7 + -9)) + (1 - -1).
5
Evaluate (-4 - -1 - 0) + 7 + -2.
2
Evaluate (2 - 4) + -6 + 2 + 8.
2
25 + -21 + (4 - 6)
2
Calculate 0 - (-6 - (-2 - -4)).
8
-1 + -3 + (-3 - -10)
3
Evaluate -2 + -1 + 2 + 0 + -4.
-5
What is 0 + 4 + -1 + -3?
0
What is 5 + -9 - (-2 - 0) - -4?
2
Calculate (-1 - -1) + 4 + (5 - 6).
3
Evaluate 1 + -7 + (-31 - -33).
-4
Evaluate 3 + (7 - 8 - 5).
-3
-5 - ((-17 - -3) + 7)
2
10 + -15 - (0 + -1)
-4
What is the value of 3 - (1 - ((9 - 1) + -5))?
5
-12 - ((45 - 37) + -16 + 0)
-4
-3 + 3 - (-12 - -9)
3
-2 + -4 + 9 + 3 + -1
5
Calculate -14 + 17 - (4 - 1).
0
What is 12 + (-6 - -13) + -10?
9
Evaluate (-1 - 1) + 2 + -1 - -3.
2
What is the value of -2 - -11 - (7 + -2)?
4
Calculate (6 + -9 - -9) + -3.
3
Evaluate (-17 - (4 + -15)) + 7.
1
Evaluate 3 + 2 + -3 + -5 + 1.
-2
What is the value of 2 + 5 + 8 + (-12 - 4)?
-1
(12 - (11 - -2)) + 1 + 6
6
What is the value of -1 - -4 - (-15 + 22)?
-4
Calculate (1 - -1) + 5 + 4 + -8.
3
Calculate 17 + (4 + -8 - 7).
6
Evaluate -8 + 1 + 15 + -13.
-5
What is 1 + -2 + 2 + -2 - 1?
-2
What is the value of (-196 - -200) + -1 + (-2 - -7)?
8
Calculate -13 - (-25 - (-2 - 5)).
5
Calculate -7 - (-8 - (-2 - 3)).
-4
What is (1 - 1 - (-33 + 39)) + 3?
-3
What is -3 + -2 + 1 - (-7 + 7)?
-4
1 + -2 + 17 + -14 + -3
-1
Evaluate -6 - ((5 - 15) + 8).
-4
Evaluate 12 + -5 - 2 - 4 - 1.
0
What is the value of 6 + (-6 + 4 + 0 - 1)?
3
-1 + (1 - 4) + -1
-5
Calculate 11 + 0 + (-3 - 0) + -5.
3
Evaluate -7 + -3 + 9 + 2.
1
What is (11 - (-1 + 12)) + -7?
-7
What is 8 + (8 - (8 - 4) - 4)?
8
What is the value of -22 - (-1 - -9 - 21)?
-9
What is 1 + -1 + 9 + -13?
-4
Evaluate -1 + (-10 - -2) + 14.
5
-1 - (-3 + 2) - (6 - 4)
-2
Calculate (8 - 0) + -7 + 6 - 2.
5
Evaluate 3 + 0 + 3 + 8 + -12.
2
What is 72 - 86 - (-7 + -1 - -1)?
-7
Evaluate -1 - ((-3 - 2) + 5 - 2).
1
What is the value of 2 - (-5 - (1 + -8 + 4))?
4
What is -13 + 18 - ((-6 - -4) + 2)?
5
Calculate (-14 - -15) + (-5 - 0).
-4
Evaluate 0 + -6 - (12 - 15).
-3
Evaluate (1 - 0 - 0) + -6.
-5
(-22 - -21) + (2 - 2)
-1
What is the value of 0 - (-8 + -10 - -10)?
8
1 + 3 + (-5 - (-8 - -7))
0
What is 4 + 3 + -6 + 0 - -3?
4
Evaluate -5 + -3 + 6 - (1 + 1).
-4
0 + 2 + 0 + -3
-1
Calculate 8 - 9 - 3 - -7.
3
What is the value of (6 - 0) + (4 - (5 + 3))?
2
3 - -10 - 23 - -12
2
What is (8 + -13 - (0 - 9)) + 3?
7
What is the value of (-7 + 3 - -12) + -13?
-5
Evaluate 9 + (-17 - 0) + 13.
5
Evaluate -7 + 9 + -9 + 5 - -5.
3
Calculate 5 - (2 + (-6 - -11)).
-2
What is (-3 - (1 + -3)) + -2?
-3
Evaluate 21 + -18 - (-1 - -6).
-2
Evaluate -2 + 6 + 6 + -9.
1
What is -8 - (-7 + (0 - -2))?
-3
What is (0 - -5) + (-4 - (-1 - -1))?
1
What is the value of (3 - 3) + (-26 - -20)?
-6
Calculate 7 + -2 - (8 + 1 - 0).
-4
Evaluate 0 - 1 - (-78 + 82).
-5
Calculate (8 - 6) + -9 + 6.
-1
Evaluate 2 + 9 + -10 + 5.
6
What is the value of (-4 - -1) + -64 + 58?
-9
What is the value of (4 - 4) + -4 + 0?
-4
Evaluate 2 - -1 - -2 - (8 + -1).
-2
Calculate 0 + -1 - ((-12 - -18) + -9).
2
1 + (-1 - -4) + -5
-1
What is -3 - ((3 - 4) + 0)?
-2
What is the value of 4 + -1 - (3 - (0 - 2))?
-2
Calculate 2 - (7 + -1 + -2) - 3.
-5
Calculate 4 + (4 - 4) - 3.
1
What is -4 + 3 + 2 + 3?
4
(3 - (-6 + 4)) + 1 + -4
2
0 + -9 + (11 + -20 - -12)
-6
-9 - 7 - -9 - -10
3
What is the value of 0 - 4 - (-3 - (-2 + -2))?
-5
What is -3 + (11 + -6 - -3)?
5
What is -2 - -5 - 5 - 1?
-3
What is -2 + 1 + (-18 - (-12 - 5))?
-2
What is 1 - (-6 + 11 + 0)?
-4
-2 - (-3 + -7 + 4)
4
Evaluate -5 - (-3 + (1 + 0 - -5)).
-8
What is the value of 0 + (-8 - -2) + 0 + 1?
-5
Calculate -12 + (12 - -6) - 10.
-4
What is the value of 0 - (-2 - (1 - (-1 - 0)))?
4
Evaluate 7 - (19 - 15) - 8.
-5
What is the value of -1 + 4 - -6 - 3?
6
Evaluate 7 - (0 - -18) - -4.
-7
Evaluate -2 - ((20 - 14) + -5 + 0).
-3
What is the value of -1 + 6 + -3 + -1 + 2?
3
What is the value of -4 + (-6 - (-14 + 1))?
3
What is the value of 0 + 1 + 4 + -4?
1
1 + (0 - 0) - 1
0
Calculate 50 - 34 - (0 + 9).
7
-9 - (5 - (8 - -3))
-3
What is the value of -2 + (-2 - -2 - -2) + 1?
1
Evaluate -3 - (6 + -1 + (-5 - 0)).
-3
Evaluate 2 + (11 + -15 - (3 + -1)).
-4
-6 - ((5 - (-1 + 7)) + 2)
-7
What is the value of -5 + 4 - (-5 + (7 - -1))?
-4
What is the value of -5 - -20 - 7 - 1?
7
What is -7 + (-4 - (0 - 4)) - -1?
-6
What is -4 + 3 - -2 - -1?
2
What is -3 + 3 + (-7 - (-14 + 6))?
1
Evaluate -7 + -4 - -1 - -3.
-7
-2 - (5 + -6 + -3)
2
What is -3 + (2 - 1) + 8 + -6?
0
(10 - (6 + -4)) + -7
1
-1 - (2 - (-4 + 6))
-1
Evaluate 6 - (-6 + 9 + -1).
4
What is the value of 5 - (4 - (4 - (2 + -1)))?
4
What is (1 + 16 - 19) + -5 + -1?
-8
What is -1 + 4 - (0 - (2 + -4))?
1
What is 2 + -1 - (5 - 3)?
-1
Calculate -6 + -1 + 4 - -6.
3
Calculate (0 - 1) + 8 - 6.
1
What is the value of 9 + -13 - -11 - 12?
-5
Calculate -3 - (-2 - (3 - 3)).
-1
-8 + 7 + 2 + 3 + -10
-6
Evaluate -11 - (-13 - -7) - (-8 - 1).
4
What is 3 - (-18 + 6 - -7) - 1?
7
Evaluate (-4 - (2 + -2 + -4)) + 0.
0
What is the value of (-2 + -2 - (-1 + -6)) + -6?
-3
Evaluate -3 + 3 + -3 + (1 - 2).
-4
What is the value of -2 - (-5 + 1) - (-10 + 10)?
2
What is the value of 5 - 0 - 3 - 2 - -3?
3
What is -1 - 1 - (-6 + -1) - 8?
-3
What is the value of (11 - 9) + (-1 - (0 - 0))?
1
Evaluate 0 + -5 + (-3 - -6) - 0.
-2
What is 1 + -3 + 7 + (-5 - -1)?
1
Evaluate 9 + -6 - (0 + 8) - -5.
0
Calculate (5 - (2 + -3)) + 0.
6
Calculate 5 + 2 + -10 - 2.
-5
Calculate -4 + 0 - -7 - (-2 - -5).
0
What is -8 - -3 - (-5 + 3)?
-3
What is -3 - (6 - (-7 + 10) - 2)?
-4
-1 + 3 + 1 + -12 + 18
9
(-4 - (-10 - -6)) + (0 - -2)
2
Evaluate (8 - 10) + -3 - 4.
-9
Evaluate (4 - -4) + -13 + 13.
8
Calculate 8 + -1 + 2 + (-8 - 2).
-1
Evaluate (-4 - -1) + 3 + 0 + 5.
5
What is the value of -20 - -21 - (-1 - -1)?
1
What is the value of 5 - (2 + (-2 - -1) - 1)?
5
Calculate (-28 + 11 - -8) + 6 + 0.
-3
Calculate 6 + 4 + 2 + -8 - 4.
0
What is (2 - 1 - 2 - 2) + 3?
0
What is the value of 15 - (1 + 6) - 3?
5
What is 5 - 12 - (1 - 5)?
-3
What is the value of 0 - (-1 + -1 + 4)?
-2
(-2 - (4 + -13)) + 2 - 4
5
(-4 - 0) + 9 + -1 + 0
4
Evaluate 7 - ((20 - 8) + -12).
7
Calculate -24 + 14 - (-7 + 2).
-5
What is -2 - -1 - (2 + -4 + 2)?
-1
Evaluate 1 + (-3 - (-2 + 0)).
0
What is 0 + 0 + (0 - 2)?
-2
(-8 - -4 - 6) + 8
-2
What is 0 - (-9 + 3 - -7)?
-1
Evaluate 4 - 3 - -1 - (1 - 2).
3
Evaluate 4 + -1 - (1 + 7) - -4.
-1
What is 4 + -5 + (-3 - -9)?
5
-9 + 4 + -3 + 6 + -3
-5
What is (3 - 1 - 2) + -2?
-2
What is the value of 6 + -1 + -2 + -4 + -2?
-3
Calculate (-17 - -7) + 2 - (0 - 4).
-4
What is 3 + -6 - (1 - 2)?
-2
What is the value of (4 - (4 - -3) - -4) + -3?
-2
What is (-2 - -7) + (6 - 5) + -2?
4
What is the value of -2 + 3 + -2 + 0 + 3?
2
1 + -9 + 5 + (1 - 0)
-2
Calculate 5 - 3 - (2 + 4).
-4
What is the value of 4 + -5 + 5 - 8 - -7?
3
Evaluate -20 + 2 + 42 + -33.
-9
Calculate 8 + 5 + -7 + -2 - -1.
5
Evaluate (-6 - -5) + -3 - -5.
1
Evaluate 4 + 2 + -1 + -5.
0
-4 + 6 + (1 - 3) + -2
-2
What is the value of 2 + (4 - 9) - -1?
-2
0 - ((-4 - (3 - 1)) + -1)
7
What is the value of (-4 - (5 + -4)) + (-1 - -4)?
-2
Calculate